What are the prime factors of 4497436?
2, 29, 137, 283
What are the prime factors of 5256710?
2, 5, 525671
List the prime factors of 3183710.
2, 5, 53, 6007
What are the prime factors of 375527?
375527
What are the prime factors of 132185?
5, 26437
What are the prime factors of 1291107?
3, 19, 22651
List the prime factors of 353718.
2, 3, 43, 457
List the prime factors of 103091.
103091
List the prime factors of 151962.
2, 3, 19, 31, 43
What are the prime factors of 364280?
2, 5, 7, 1301
List the prime factors of 79714.
2, 39857
List the prime factors of 30933296.
2, 1933331
List the prime factors of 1172756.
2, 13, 19, 1187
List the prime factors of 2472990.
2, 3, 5, 13, 17, 373
List the prime factors of 143646.
2, 3, 89, 269
List the prime factors of 2841973.
2841973
What are the prime factors of 8102575?
5, 13, 107, 233
List the prime factors of 292168.
2, 59, 619
List the prime factors of 375135.
3, 5, 89, 281
What are the prime factors of 123594?
2, 3, 20599
List the prime factors of 10934252.
2, 7, 55787
List the prime factors of 781464.
2, 3, 32561
List the prime factors of 2306706.
2, 3, 107, 3593
List the prime factors of 138096.
2, 3, 7, 137
List the prime factors of 15732234.
2, 3, 7, 17837
List the prime factors of 1993276.
2, 191, 2609
What are the prime factors of 4871279?
7, 283, 2459
What are the prime factors of 237013?
7, 691
What are the prime factors of 505002?
2, 3, 17, 4951
List the prime factors of 202418.
2, 101209
What are the prime factors of 2247425?
5, 89897
List the prime factors of 450709.
7, 31, 67
What are the prime factors of 4911742?
2, 11, 17, 23, 571
What are the prime factors of 406019?
23, 127, 139
What are the prime factors of 285408?
2, 3, 991
List the prime factors of 279073.
279073
What are the prime factors of 4513859?
7, 644837
List the prime factors of 11400.
2, 3, 5, 19
List the prime factors of 231628.
2, 79, 733
List the prime factors of 4898521.
569, 8609
What are the prime factors of 813493?
813493
List the prime factors of 126989.
126989
What are the prime factors of 962286?
2, 3, 13, 73
What are the prime factors of 1187699?
1187699
What are the prime factors of 4864763?
113, 43051
List the prime factors of 180118.
2, 90059
List the prime factors of 8902146.
2, 3, 11, 19, 31, 229
What are the prime factors of 14792591?
11, 1344781
List the prime factors of 264300.
2, 3, 5, 881
List the prime factors of 1247555.
5, 59, 4229
List the prime factors of 20815427.
127, 163901
What are the prime factors of 435259?
11, 39569
What are the prime factors of 341279?
31, 101, 109
List the prime factors of 191898.
2, 3, 7, 1523
List the prime factors of 5589139.
149, 37511
What are the prime factors of 5387374?
2, 19, 141773
What are the prime factors of 5541025?
5, 7, 31663
List the prime factors of 1412326.
2, 17, 41539
List the prime factors of 50099.
7, 17, 421
What are the prime factors of 5092312?
2, 636539
List the prime factors of 10812179.
7, 113, 13669
List the prime factors of 109729.
197, 557
List the prime factors of 4582023.
3, 197, 7753
List the prime factors of 1916427.
3, 17, 53, 709
List the prime factors of 245641.
11, 137, 163
List the prime factors of 6681431.
23, 290497
List the prime factors of 1681931.
1681931
List the prime factors of 47992.
2, 7, 857
List the prime factors of 1520248.
2, 190031
List the prime factors of 423874.
2, 11, 19267
List the prime factors of 8438.
2, 4219
What are the prime factors of 44258?
2, 22129
What are the prime factors of 22648334?
2, 11324167
List the prime factors of 140048.
2, 8753
List the prime factors of 82280.
2, 5, 11, 17
What are the prime factors of 1689104?
2, 229, 461
List the prime factors of 5525184.
2, 3, 7, 4111
List the prime factors of 130639.
130639
List the prime factors of 1315712.
2, 19, 541
What are the prime factors of 905668?
2, 257, 881
List the prime factors of 4099570.
2, 5, 197, 2081
List the prime factors of 1311840.
2, 3, 5, 911
What are the prime factors of 705882?
2, 3, 71, 1657
What are the prime factors of 8032517?
17, 89, 5309
What are the prime factors of 2418960?
2, 3, 5, 10079
List the prime factors of 451340.
2, 5, 22567
What are the prime factors of 11508584?
2, 223, 6451
List the prime factors of 316414.
2, 7, 97, 233
What are the prime factors of 2750927?
593, 4639
What are the prime factors of 3885293?
3885293
List the prime factors of 2006352.
2, 3, 13933
What are the prime factors of 13199666?
2, 6599833
What are the prime factors of 309648?
2, 3, 6451
What are the prime factors of 7445198?
2, 3722599
What are the prime factors of 2179650?
2, 3, 5, 11, 1321
What are the prime factors of 13935074?
2, 499, 13963
List the prime factors of 166131.
3, 7, 293
List the prime factors of 4212501.
3, 71, 19777
List the prime factors of 17253037.
53, 367, 887
List the prime factors of 514209.
3, 171403
List the prime factors of 901787.
901787
List the prime factors of 23461.
29, 809
List the prime factors of 556288.
2, 41, 53
List the prime factors of 190398.
2, 3, 13, 2441
List the prime factors of 940447.
23, 31, 1319
What are the prime factors of 737094?
2, 3, 122849
List the prime factors of 1230464.
2, 9613
What are the prime factors of 194606?
2, 97303
What are the prime factors of 2030009?
2030009
List the prime factors of 7936009.
7936009
List the prime factors of 47968.
2, 1499
List the prime factors of 177427.
177427
What are the prime factors of 10797460?
2, 5, 277, 1949
What are the prime factors of 3617968?
2, 226123
List the prime factors of 265466.
2, 23, 29, 199
List the prime factors of 614460.
2, 3, 5, 7, 11, 19
List the prime factors of 125569.
199, 631
What are the prime factors of 7889833?
7, 161017
List the prime factors of 3686681.
593, 6217
What are the prime factors of 120659?
7, 11, 1567
List the prime factors of 1539928.
2, 13, 17, 67
What are the prime factors of 5546177?
7, 13, 59, 1033
List the prime factors of 82183.
82183
What are the prime factors of 504771?
3, 113, 1489
List the prime factors of 2074277.
43, 48239
List the prime factors of 12781882.
2, 23, 113, 2459
List the prime factors of 15399466.
2, 23, 334771
What are the prime factors of 3061699?
67, 45697
List the prime factors of 951426.
2, 3, 7, 839
What are the prime factors of 3017236?
2, 73, 10333
List the prime factors of 1471244.
2, 41, 8971
List the prime factors of 213289.
213289
List the prime factors of 307911.
3, 197, 521
What are the prime factors of 12195133?
1861, 6553
List the prime factors of 167416.
2, 17, 1231
List the prime factors of 21942625.
5, 19, 9239
List the prime factors of 181236.
2, 3, 11, 1373
What are the prime factors of 1813011?
3, 59, 10243
What are the prime factors of 192591?
3, 7, 1019
What are the prime factors of 822549?
3, 7, 13, 23, 131
What are the prime factors of 7842035?
5, 29, 54083
List the prime factors of 73789.
113, 653
List the prime factors of 11035176.
2, 3, 17, 37, 43
List the prime factors of 766408.
2, 95801
List the prime factors of 1629113.
23, 193, 367
List the prime factors of 501719.
501719
List the prime factors of 298924.
2, 74731
What are the prime factors of 559358?
2, 279679
What are the prime factors of 574239?
3, 191413
What are the prime factors of 71862?
2, 3, 7, 29, 59
What are the prime factors of 3446819?
3446819
What are the prime factors of 22823992?
2, 2852999
What are the prime factors of 1295767?
11, 117797
List the prime factors of 8627175.
3, 5, 12781
What are the prime factors of 89128?
2, 13, 857
What are the prime factors of 899558?
2, 11, 31, 1319
What are the prime factors of 706203?
3, 78467
What are the prime factors of 668649?
3, 222883
List the prime factors of 694118.
2, 347059
List the prime factors of 23523113.
83, 283411
What are the prime factors of 24438?
2, 3, 4073
List the prime factors of 1040551.
37, 28123
List the prime factors of 177135.
3, 5, 7, 241
List the prime factors of 577679.
467, 1237
What are the prime factors of 207732?
2, 3, 7, 2473
List the prime factors of 5665929.
3, 109, 17327
List the prime factors of 29939580.
2, 3, 5, 11, 15121
What are the prime factors of 174239?
13, 1031
List the prime factors of 1487633.
7, 223, 953
List the prime factors of 99562.
2, 67, 743
List the prime factors of 2357304.
2